 5 - 13 - 5*p - 4 - p**3 - 8*p**2. Calculate m(-7).
-4
Let t(o) = -14*o**2 + 18*o - 6. Let n(i) = -5*i**2 + 6*i - 2. Let w(v) = 17*n(v) - 6*t(v). Determine w(-5).
7
Let o(j) = -4*j**2 - 16*j - 5. Let g(k) = -k**2 - 4*k - 1. Let a(s) = -9*g(s) + 2*o(s). Give a(-4).
-1
Let b(q) = 5*q**3 + q + 1. Suppose 7*a = -a - 8. What is b(a)?
-5
Let l be (2 - (-2 + 2)) + -14. Let m be (-2)/(-12) - 70/l. Let r(x) = x**2 - 6*x - 2. Determine r(m).
-2
Let z(s) = -5*s - 11. Let m(p) = -p - 1. Let l = 1 - 2. Let y(i) = l*z(i) + 6*m(i). Give y(-4).
9
Let p(y) = -5*y**3 + 11*y**2 - 7*y. Let j(z) = -9*z**3 + 21*z**2 - 14*z. Let v(m) = 6*j(m) - 11*p(m). Determine v(-6).
6
Let p(j) be the second derivative of 3*j**3/2 - j**2/2 + j. Suppose 3*v - 7 = 3*h - h, 4*v = h + 6. Determine p(v).
8
Let q be (-2)/(-7) - 2/7. Let p = 1 - -2. Let a(j) = -2*j + p*j - j**3 + 6 - 10. What is a(q)?
-4
Let n(y) = -y**3 + 2*y**2 - 1. Let f be n(-1). Let c(d) = -f*d**3 + 0*d**3 + 0 + 3*d**3 + d**2 + 3. Give c(0).
3
Let i(x) = -x - 8. Suppose 1 = 4*h + 29. Give i(h).
-1
Let f(b) = -4*b**2 - 1. Suppose 2 = m + 1. Calculate f(m).
-5
Let u(s) = -s. Let t be -1*((-1 - 1) + (-20)/(-2)). Calculate u(t).
8
Suppose 4*r = -0*v + v + 14, -r = -2*v. Let n = r - 4. Let i(o) = -o**3 + o - 3. What is i(n)?
-3
Suppose -p + 2 = 2*s - 6, -13 = -s - 5*p. Let j(y) be the first derivative of -2*y**3/3 + y**2/2 + 2*y - 16. Give j(s).
-13
Let j(f) = -4*f + 214 + 3*f - 109 - 97. Determine j(7).
1
Suppose 0 = -3*p + 4*q + 41, 3*p - 5*q - 43 = -0*p. Let c = -6 + p. Suppose c*h - 6 = 9. Let z(t) = -t**2 + 4*t. Give z(h).
3
Let u = -31 + 24. Let q(v) = -2*v - 8. What is q(u)?
6
Suppose 0 = f - 6*f. Let h(t) be the second derivative of -t**5/20 - t**4/12 + t**3/6 - t. Give h(f).
0
Let m(i) = -2*i + 7. Let y(a) = 46*a + 1. Let h be y(-1). Let b be ((-8)/(-10))/((-6)/h). Determine m(b).
-5
Let z(j) = 2 - 9*j + 10*j - 5. Determine z(6).
3
Let w(x) = -4*x + 3. Let z be 3*(-2)/(-3) - -1. Determine w(z).
-9
Suppose 8*g - 2*g - 30 = 0. Let p(n) = n**2 - 3*n + 4. What is p(g)?
14
Let q(u) be the first derivative of u**4/4 + 4*u**3/3 - 3*u**2 + u - 3. Calculate q(-5).
6
Let p(t) = -t**2 + 5*t - 4. Let q be ((-5)/(-4))/(2/8). Let i(c) = c**2 - 4*c + 6. Let w be i(4). Suppose 22 = 5*d + x, -5*d + d + q*x + w = 0. Determine p(d).
0
Let g(x) be the third derivative of -x**4/24 - x**3 - 3*x**2. Suppose 20 = -4*j + 5*n, 3*n = -0*n. What is g(j)?
-1
Let m(o) = -1. Let b(i) = -2*i. Let x(w) = 2*b(w) - 3*m(w). Determine x(-3).
15
Let h(i) = i**2 + 3*i + 6*i**2 - 4*i**2 + 2. Let a(w) = -w**3 - 7*w**2 - 5*w + 4. Let z be a(-6). Determine h(z).
8
Let h(f) = 4*f + 3*f**3 - 6*f**2 + 11*f**2 - f**3 - f**3. Determine h(-3).
6
Let x(k) = k**3 + 6*k**2 + 2*k + 8. Let m(w) = 3*w - 3. Let b(z) = -z**2 + 7*z - 7. Let r(y) = 6*b(y) - 14*m(y). Let d be r(-1). Calculate x(d).
-4
Suppose -8*s + 25 = -3*s. Suppose v = s*a - 20, -5*v + 5*a = -3*v + 15. Let m(d) = -d + 1. Determine m(v).
-4
Let t(c) be the third derivative of -1/6*c**3 + 0 + c**2 - 1/8*c**4 + 0*c. Calculate t(-4).
11
Suppose 2*p + 6 = 5*l - 10, 9 = -3*p. Let d(u) = -2*u**2 + 6*u**2 + l - 3*u**2 - 10*u + 2*u. Calculate d(7).
-5
Let o(g) = -g**3 + 9*g**2 - 9. Let v be o(9). Let d be v*3/6*-2. Let t = 13 - d. Let c(s) = s**2 - s - 4. What is c(t)?
8
Let r(d) = d**2 + 2*d. Let t(s) = -s**2 - 3*s + 1. Let q(b) = 4*r(b) + 3*t(b). Determine q(0).
3
Let s = -3 - 1. Let f(q) = 8*q**2 - 3*q + 4. Let o = -3 - -9. Let n(x) = -7*x**2 + 2*x - 4. Let k(w) = o*f(w) + 7*n(w). Give k(s).
-4
Let i(t) = t. Let h(v) = -v. Let g(y) = -4*h(y) - 3*i(y). Calculate g(-7).
-7
Let l = 12 + -12. Let c(x) be the third derivative of x**4/24 - x**3 + 2*x**2. Give c(l).
-6
Let o(k) = 5*k - 8*k + 5*k + 4*k. Determine o(-1).
-6
Let n(l) = 2*l - 4. Let g(i) = -i**2 - 2*i + 5. Let d be g(-2). What is n(d)?
6
Let u be (1 + (-4)/4)/(-2). Suppose q - 7 + 5 = u. Let j(r) = -r - 3*r + 3 + r. Calculate j(q).
-3
Let o(z) = -2*z - 5 - 4*z**2 + 3*z**2 - 4*z. Suppose 2*t = -6 - 2. Determine o(t).
3
Let v be (-3 - -4)/(((-33)/(-18))/(-11)). Let x(d) be the first derivative of -d**3/3 - 5*d**2/2 + d + 1. Determine x(v).
-5
Let x(h) be the first derivative of -h**2/2 + 11. Let d(f) = -4*f**3 - 3*f**2 - 2*f**3 - 4*f - 3 + 5*f**3. Let r be d(-2). What is x(r)?
-1
Let u(y) = 2*y**3 + 4*y**2 + 4*y + 3. Let h(d) = d**3 + 2*d**2 + 2*d + 1. Let z(t) = 5*h(t) - 2*u(t). What is z(-2)?
-5
Let b(l) = l - 9. Let j(a) = -a**3 - 7*a**2 + 6. Let r be j(-7). Suppose 2*o = r*o. Give b(o).
-9
Let k(d) = -2*d**2 + 7*d - 5. Suppose -2*z = -6, 3*l = 5*z - 9 - 0. Let u be (2 + l)/2 + 3. Suppose 4*b - 4 = -2*h, u*h - 2*b - 19 = -3*b. What is k(h)?
-9
Let v(u) = -48*u**2 + 0 + 47*u**2 + 2*u - 6*u - 1. Suppose 3*p + 5 = -5*m + 20, 5*m = 4*p + 15. Let q be 4/6 - 17/m. Give v(q).
-6
Suppose -2*z + 3*z = 12. Let y = z + -7. Let p(h) = -h + 8. Determine p(y).
3
Let d(z) be the third derivative of 1/12*z**4 + 0 + 7/6*z**3 + 3*z**2 + 0*z. Determine d(-5).
-3
Let l(t) = -4*t + 7 - 1 + 5*t. Let p be (-1 - 2) + (-3)/(-1). Calculate l(p).
6
Let n(o) = -7*o - 1. Let g(y) = 3*y. Let i(v) = 5*g(v) + 2*n(v). What is i(-2)?
-4
Let m(d) = d**3 - 7*d**2 - 3. Let k be m(7). Let p = 4 + k. Let y(c) = 2*c**3 - c**2 + 1. Give y(p).
2
Let j(l) = -l - 7. Let z be j(-5). Let g(s) = -s**2 + s - 1. Let o(k) = 5*k**2 - 7*k + 6. Suppose 2 = -3*d + d. Let q(p) = d*o(p) - 6*g(p). Determine q(z).
2
Let y(s) = 8*s**3 + 9*s**2 + 7*s - 8. Let w(g) = g**3 + g**2 + g - 1. Let p(l) = 6*w(l) - y(l). Let n be p(-2). Let j(k) = 1 + k - n*k - 2. What is j(-1)?
6
Let t(u) = -11*u**2 - 3*u - 4. Let d(b) = 5*b**2 + b + 2. Let f(a) = -9*d(a) - 4*t(a). Let j(n) = -n**2 - 6*n + 3. Let c be j(-6). Calculate f(c).
-2
Suppose 3*r = -3*w + 18, 4*r - 5*w = -0*r - 12. Let m(z) = 2*z + 2. Give m(r).
6
Let l = -5 - -7. Let q be l*(3 + -1 + -1). Let o(a) = 1 + a - 3*a**2 + 0 - 2*a**q. Calculate o(-1).
-5
Suppose -2*p = -3*x + 11, 0*x - 8 = -4*x - 4*p. Suppose 0 = -4*o - x*l - 0*l + 16, 5*o - l - 1 = 0. Let z(b) = b - 1. Determine z(o).
0
Let x(v) = v + 12. Let g be x(-4). Let k(m) = 2*m - 9. Calculate k(g).
7
Let g(f) = -4*f + 2. Let o(r) = -r + 1. Let t(l) = g(l) - 3*o(l). What is t(4)?
-5
Suppose 0*n - 3 = -h + n, 2*n = 4*h - 12. Suppose 7*j - h = 4*j. Let s(x) = -x**2 + 8*x - 5*x + 2*x**2 + j. Calculate s(-2).
-1
Let l(q) = -5*q**3 - 1. Let d be l(-1). Suppose d*v + c + 10 = -2*c, 0 = -c - 2. Let f(s) = -4*s - 1. What is f(v)?
3
Let u(g) = g**2 + 4*g + 4. Let m be (-2 - 2 - 3) + 3. Give u(m).
4
Let b = -5 + 5. Let u(n) = -n**2 - 1. Let f(r) = r**2. Let v(y) = f(y) + 2*u(y). Calculate v(b).
-2
Let n(k) = k**2 - 2*k - 3. Let a(o) = o**3 + 16*o**2 + 29*o + 17. Let d be a(-14). What is n(d)?
0
Let u(q) = q**3 - 4*q**2 - 7*q + 5. Let i = -7 - -10. Suppose 0*z - i*z = 18. Let a be 5/4*(-24)/z. Give u(a).
-5
Let g(c) = 3*c**2 - 4*c - 1. Let b(p) = -9*p**2 + 11*p + 3. Let w(y) = 4*b(y) + 11*g(y). Suppose -1 + 9 = -2*d, 0 = 5*v - 2*d - 13. Give w(v).
-2
Let d(b) = 3*b + 2. Let y(l) = l - 1. Let k(h) = d(h) - 2*y(h). Let c(n) = -1. Let w(i) = 2*c(i) + k(i). Determine w(5).
7
Let b(j) = j + 3. Suppose -u - 5*v - 20 = 0, -2*v + 2 = -3*u + 10. Suppose u = -3*t + 18. Calculate b(t).
9
Let g(r) = -4*r + 3*r + 4*r**3 - 5*r**2 - 5*r**3 + 1 + 0. Let i = -13 - -8. What is g(i)?
6
Let o(x) = 3*x**2 + 5*x**2 - 15*x**3 + 14*x**3 - 5 - 6*x. Calculate o(7).
2
Let n = 12 + -7. Suppose k = -5*v + n*k + 7, -9 = 3*k. Let x(s) be the second derivative of s**5/4 - 3*s. What is x(v)?
-5
Let h(q) = 9*q**2 - 4*q - 9. Let l(d) = 7*d**2 - 4*d - 8. Let f(c) = -4*h(c) + 5*l(c). Let b = -14 + 20. Suppose -u = 2*p - p + b, -6 = 4*p - 5*u. What is f(p)?
-4
Let y be (-4 - 3)/(3/(-3)). Let z(m) = 2 - 6 + y + 3*m. Suppose 4*h = -0*h - 16. Give z(h).
-9
Let f(y) = 5*y - 1. Suppose 5*x - 4*s + 4 = -1, 5*s = -4*x + 37. Calculate f(x).
14
Let k(o) be the third derivative of -o**4/24 - 4*o**3/3 + 11*o**2. Determine k(6).
-14
Let y(t) = t**2 + 2*t - 4. Suppose -2*a - 1 - 1 = 0. Let d(g) = -2*g**2 - g - 1. Let i be d(a). Let b be (-19)/7 + i/7. Give y(b).
-1
Let w(j) = j**3 - 4*j**2 - 5*j - 7. Let s be (-36)/10*(-10)/3. Suppose -k + s = 7. Give w(k).
-7
Let y(r) be the second derivative of -r**4/12 - 2*r**3/3 + r**2 - 25*r. Determine y(-4).
2
Let y(p) = 